 = -32*k + 5. Let i(t) = -14*t + 2. Let o = -232 - -236. Let p(u) = o*a(u) - 9*i(u). Calculate p(5).
-8
Let q(w) = 50*w**2 + 41*w + 5. Let i be q(-5). Let n be ((-4)/10)/(42/i). Let s(o) = 2*o + 16. Determine s(n).
-4
Let d(f) = 2 + 8*f**2 + 11*f**2 - 17*f**2 + f**3. Let z(t) = 3*t + 1. Let w be z(-1). What is d(w)?
2
Suppose 0 = -4*q - 3*l + 30, l = -3*l + 8. Suppose -11*f + q = 6. Let t(d) = -d**2 + 4*d - 8*d + f + 2. Determine t(-5).
-3
Let t(w) = -5*w**3 - 3*w**2 - 9*w - 5. Let n(m) = -22 + 8*m + 2*m**2 - 6*m**3 + 51 + 10*m**3 - 25. Let r(y) = 6*n(y) + 5*t(y). Let d = -2 + -2. Give r(d).
3
Let c(h) = 3*h**3 - 83*h**2 - 27*h - 39. Let z be 33 - (7 + (-26 - -9))/(-2). What is c(z)?
-11
Let p(y) = y**3 + 11*y**2 - 7*y + 27. Let l be (264/(-11))/((-34)/(-17)). Calculate p(l).
-33
Let p(c) = 2485 - 29838*c + 29835*c - 2479. Let z be (-10)/(-3) - 4/(-6). Determine p(z).
-6
Let j(k) = -k**2 - 3*k + 1. Let h = 97 + -109. Let n(t) = -t - 19. Let x be n(h). Let m(y) = y**3 + 5*y**2 - 11*y + 17. Let l be m(x). Give j(l).
-3
Let b(z) be the first derivative of 2*z**2 - z**3 - 1/4*z**4 + 4*z + 68. Let n(v) = 2*v + 2. Let q be n(-3). What is b(q)?
4
Let s(h) = -h**3 + 9*h**2 - 5*h - 18. Let r = -1005 - -1013. What is s(r)?
6
Let o(c) = c**3 - 5*c**2 - c + 4. Suppose -2*s + 33 = 29. Let j(u) = -2*u**3 + 7*u**2 - 5. Let v(m) = s*j(m) + 3*o(m). Calculate v(-3).
29
Let c(w) = 2*w - 8. Let a(v) = 7*v - 33. Let t(u) = -2*a(u) + 9*c(u). Let g(n) = 9*n**3 + 514*n**2 + 58*n + 63. Let o be g(-57). Give t(o).
18
Let m(c) = -c + 1. Let g(v) = v - 2. Let l(q) = 2*g(q) + 3*m(q). Let n(z) be the first derivative of -z**4/4 - z**3 - z**2 + 21. Let k be n(-1). Calculate l(k).
-1
Let r be (-287 + 287)*(8/(-6) - -1). Let u(h) be the first derivative of -11/4*h**4 + 1/3*h**3 + 15 + r*h**2 + 0*h. Calculate u(1).
-10
Let r be (81/(-54))/(5/((-100)/(-6))). Let j(g) = -g**2 - 6*g - 13. Calculate j(r).
-8
Let d(x) = -5*x**2 + 13*x - 28. Let q(f) = -4*f**2 + 12*f - 24. Let c(m) = 5*d(m) - 6*q(m). Let w(g) = -2*g**2 - 3*g + 1. Let v be w(-3). Determine c(v).
-4
Let a be ((-3255)/28)/((-2)/8). Let c(g) = a*g**2 - 464*g**2 - g**3 + 0*g**3 + 2*g**3 - 2. Calculate c(2).
10
Suppose 0 = -l - l + 76. Let n = -41 + l. Let r(g) = 3*g + 3. Calculate r(n).
-6
Let k(u) = 51*u - 14. Let x(c) = -50*c. Let t(p) = -k(p) - x(p). Suppose -3*d + 18 = -15. What is t(d)?
3
Let r(u) be the second derivative of -u**4/6 - 5*u**3/6 - 13*u**2/2 + 3168*u. Determine r(-6).
-55
Let v(b) = -9*b - 8. Let n(j) = -25*j - 24. Let x(i) = -6*n(i) + 17*v(i). Let z be x(7). Let u(y) = y**2 + 12*y - 18. Give u(z).
-5
Let x(p) = 102*p + 26. Let f(j) = -237*j - 51. Let g(u) = -6*f(u) - 14*x(u). What is g(-8)?
-10
Let z = -5 + 7. Let j(n) = n**2 + 8. Let u(a) = 13*a**2 - a + 116. Let y(k) = -14*j(k) + u(k). Calculate y(z).
-2
Let c = 29882 + -29898. Let s(b) = -b**2 - 13*b + 45. What is s(c)?
-3
Let k = 133 - 143. Let p(w) = 11*w + 7 + 34*w**2 + 3*w**3 - 4*w**3 - 43*w**2. Give p(k).
-3
Let b(r) be the third derivative of r**6/20 + r**4/8 - r**3/3 + 2*r**2. Let v be 5/2 - ((-123)/(-6) - 19). What is b(v)?
7
Suppose 4 = 6*k - 14. Let u(w) = 7 - 89*w**3 + 45*w**k + 43*w**3 - 6*w**2 - 5. Calculate u(-6).
2
Let i(s) = -8*s + 7. Let f = -36233 - -36241. Calculate i(f).
-57
Let b(h) be the third derivative of h**6/120 - h**5/12 - 7*h**4/24 + h**3/6 + 308*h**2. Suppose -3*y = 5*i - 21, -i + 4*y + 42 = 4*i. What is b(i)?
-5
Let y be (-27)/6 + (-4)/14*105/20. Let a(b) be the second derivative of b**5/20 + b**4/2 - b**3/6 - b**2/2 - 4*b. Determine a(y).
5
Let r(c) = -c**3 - 36*c**2 - 38*c - 103. Let q be r(-35). Let z(p) = 10*p - 3. Calculate z(q).
17
Let d(h) be the second derivative of -h**5/20 + 7*h**4/6 + 19*h**3/6 - 17*h**2 - 6*h + 136. Calculate d(15).
26
Let z be 290/20 + (-4)/8. Let a(m) = 35*m + 6. Let b(p) = -176*p - 28. Let s(u) = z*a(u) + 3*b(u). Calculate s(-1).
38
Let d(s) be the first derivative of s**2/2 - 3*s + 762. Determine d(-6).
-9
Let d(h) = -h**3 + 8*h**2 - 2*h + 12. Let v(g) = g**3 + 6*g**2 - 9*g - 9. Let s be v(-7). Suppose 5*t - 52 = -3*z - z, 0 = s*t - 20. What is d(z)?
-4
Let z = 102 + -98. Suppose 4*h = c + 8 - 4, 4*h - z = 0. Let b(w) = 4*w**2 + 0*w**2 - 5*w**2 + 7. Calculate b(c).
7
Let u be (24/38)/(50/950). Let r(k) = k**2 - 21*k + 57. Calculate r(u).
-51
Let v(r) = -46*r - 10. Let a(j) = -32*j - 7. Let l(x) = 7*a(x) - 5*v(x). What is l(-4)?
-23
Let a(m) = m**3 + 5*m**2 - 3*m + 1. Suppose 0*h - 23 = -3*h - t, h + 2*t - 6 = 0. Suppose h = -2*s - 4*n, n = -2*s + 2*n - 13. Give a(s).
-17
Let v(i) = i + 4. Suppose 4*l - z = 33, -3*l + z - 4*z + 6 = 0. Let q be (-1)/(28/l) - (-30)/(-8). Calculate v(q).
0
Let x(j) = -6*j**2 + 6*j + 2. Let q = 29020 - 29020. What is x(q)?
2
Let a(t) be the second derivative of 23*t**3/3 - 145*t**2/2 + 133*t - 8. Calculate a(3).
-7
Let k(y) be the first derivative of -y**3/3 + 2*y - 1251. Give k(-3).
-7
Let q(x) = -7*x**3 + 26*x**2 - 18*x - 25. Let y(o) = -4*o**3 + 14*o**2 - 10*o - 14. Let b(f) = 5*q(f) - 9*y(f). Determine b(-4).
1
Let r(s) = -15*s - 14. Let p(x) = -31*x - 33. Let u(w) = 2*p(w) - 5*r(w). Determine u(4).
56
Let p(g) = -765*g**3 + 2 - 4*g - g**2 + 761*g**3 - 2*g**2 - g**2. What is p(-3)?
86
Let d(f) = -f**2 - 2*f + 7. Let b be d(-3). Let w be -10*((-20)/4)/10. Suppose 2*j + w*m = m - b, 4*j + 3*m = -3. Let v(k) = -k**2 + k + 4. Give v(j).
4
Let v(h) = h**3 - h**2 - 2*h + 2. Let i be v(-1). Let s(r) = 4*r**3 + 4*r**2 - 4*r - 4. Let c(g) = -g**3 - g**2 + g + 1. Let p(k) = -6*c(k) - s(k). Give p(i).
18
Let c = -5671 + 5693. Let w(l) = 5*l - 107. Calculate w(c).
3
Let j(u) be the second derivative of 0 - 1/6*u**3 + 15*u - 5*u**2. Determine j(-8).
-2
Let h(g) be the second derivative of g**5/20 + g**4/3 - 2*g**3/3 - 2*g**2 + 106*g. Let v = 8 - 13. Give h(v).
-9
Let y(v) be the second derivative of -1/120*v**5 + 13/6*v**3 + 10*v + 0*v**2 + 0 + 1/24*v**4. Let n(b) be the second derivative of y(b). Give n(4).
-3
Let f be 0 - 6/(-2) - (75 + -74). Suppose a - 4*q + f = 0, 0 = 2*a + a - 4*q - 10. Let h(r) = -2*r - a*r + r + 11*r. Determine h(3).
12
Let c(v) = -2*v - 141. Let o(q) = q + 99. Let s(j) = 3*c(j) + 4*o(j). Calculate s(23).
-73
Let w(i) = -2*i + 21. Suppose 2 = -226*q + 227*q + 2. Determine w(q).
21
Suppose -43*h - 262 - 6 = 76. Let c(a) = -2*a**2 - 12*a + 10. Give c(h).
-22
Let k(o) be the third derivative of o**6/720 - o**5/60 + 3*o**4/2 + 8*o**2 + 3*o. Let n(g) be the second derivative of k(g). Give n(7).
5
Let p be -2*(-20)/(-16)*2. Suppose 5 = 2*k - 11. Let l(h) = -2*h - h**2 + k - h - 4. Calculate l(p).
-6
Suppose -9*c - 67 = -13. Let l(h) = 5*h**2 + 22. Let f(x) = -6*x**2 - 22. Let s(k) = c*f(k) - 7*l(k). Calculate s(0).
-22
Let a(z) = -z - 2*z + 2*z**2 + 3 + z. Suppose 0 = -5*p - 0*p + 4*v - 1700, 682 = -2*p + 2*v. Let k be p/(-182) - (-4)/26. What is a(k)?
7
Suppose -3*u + 9 = 0, -3*w + 1399*u - 1395*u = 0. Let g(a) be the third derivative of 0*a - 1/3*a**w + 20*a**2 + 0 - 1/2*a**3 - 1/60*a**5. Give g(-6).
9
Let z be (-1)/4 + 123/164. Let u(q) be the first derivative of -5 + q - z*q**2. Give u(6).
-5
Suppose 2572*o = 2592*o + 80. Let h(y) = -2*y**3 - 8*y**2 - 2*y - 4. What is h(o)?
4
Let h(t) = -2227*t - 8893. Let s be h(-4). Let d(m) = m**3 - 17*m**2 + 28*m + 30. Calculate d(s).
0
Let r(q) = 0*q**2 - 8 + 14*q - 14 + q**2. Let h be (-2 - 3) + ((-256)/26 - 14/91). Give r(h).
-7
Suppose 5*q = 3*f - 2, 47*f = 6*q + 45*f + 4. Let s(c) = 4*c**2 + c + 3. Determine s(q).
6
Let k(q) = 6*q**3 - q**3 + 4*q**2 + 8*q - 4 - 6*q**3. Let p(w) be the first derivative of -3*w**2/2 - 82*w - 24. Let t be p(-29). What is k(t)?
11
Let m(s) be the third derivative of -s**5/30 - 11*s**4/24 - s**3/3 + 27*s**2 + 2*s. Give m(-5).
3
Let m(q) = q**2 + 6*q - 12. Let a be m(-6). Let g(k) = 31*k. Let y(c) = 187*c + 14. Let j(d) = 6*g(d) - y(d). Give j(a).
-2
Let w(j) be the third derivative of j**5/60 - 11*j**4/24 - 11*j**3/6 - 8*j**2. Let b be w(13). Suppose -11*h = -16*h - b. Let l(p) = p - 3. Give l(h).
-6
Let l(j) = 4*j**3 + 3*j**2 - 4*j + 2. Let n(a) = -218*a + 1309. Let w be n(6). Give l(w).
5
Let r(z) = -81*z + 2684. Let k be r(33). Let b(w) = w**2 - 16*w + 20. Give b(k).
-35
Let k(h) = h**2 - 3*h. Let r(d) = -4*d**2 + 99*d - 1. Let z(s) = -7*k(s) + r(s). Give z(11).
-1